n divisor of 10 and 47045?
5
Calculate the highest common divisor of 9232 and 320.
16
What is the greatest common factor of 272 and 205292?
68
Calculate the highest common divisor of 2088563 and 4542.
757
Calculate the greatest common factor of 213 and 6319.
71
Calculate the highest common divisor of 28 and 141176.
28
Calculate the greatest common divisor of 23283 and 351.
117
Calculate the highest common divisor of 144 and 373104.
144
What is the greatest common factor of 46500 and 4092?
372
Calculate the greatest common factor of 26408 and 24.
8
Calculate the highest common divisor of 335984 and 1411.
83
Calculate the highest common factor of 17 and 115481.
17
What is the highest common divisor of 1407 and 4891?
67
Calculate the greatest common divisor of 324 and 203535.
9
Calculate the highest common factor of 3381 and 163254.
483
Calculate the greatest common factor of 75008 and 192.
64
Calculate the highest common factor of 17888 and 16168.
344
Calculate the greatest common factor of 519 and 9.
3
Calculate the greatest common factor of 11075204 and 28.
28
What is the greatest common factor of 16259 and 29999?
229
What is the highest common divisor of 17700 and 27300?
300
Calculate the greatest common divisor of 19 and 35701.
19
What is the highest common divisor of 1440052 and 692?
692
What is the highest common divisor of 126 and 13566?
42
Calculate the greatest common divisor of 45901 and 699.
233
What is the highest common factor of 164646 and 27?
27
What is the greatest common divisor of 781 and 616?
11
What is the highest common divisor of 285 and 223220?
5
Calculate the greatest common factor of 51363 and 2691.
117
Calculate the greatest common divisor of 16 and 381.
1
What is the highest common factor of 14323 and 1?
1
Calculate the highest common divisor of 300 and 5484.
12
Calculate the greatest common divisor of 26 and 2899052.
26
Calculate the greatest common divisor of 10440 and 4960.
40
What is the greatest common factor of 190 and 33098?
38
What is the greatest common factor of 282620 and 320?
20
Calculate the highest common divisor of 14 and 1234.
2
What is the highest common factor of 23364 and 472?
236
Calculate the highest common factor of 16909 and 5143.
37
Calculate the greatest common divisor of 48 and 263316.
12
Calculate the highest common factor of 503868 and 600.
12
What is the greatest common divisor of 281018 and 284?
142
Calculate the highest common factor of 204442 and 238.
238
Calculate the highest common divisor of 64 and 1823152.
16
What is the highest common factor of 44 and 1681988?
44
Calculate the highest common factor of 429 and 1286857.
143
What is the highest common factor of 78682 and 8?
2
What is the greatest common factor of 2853 and 225?
9
Calculate the greatest common divisor of 189 and 181566.
63
Calculate the greatest common factor of 16667 and 2065.
7
What is the highest common divisor of 30780 and 648?
324
What is the greatest common factor of 75859 and 161?
7
What is the greatest common divisor of 159877 and 203?
29
Calculate the highest common divisor of 23749 and 119.
17
Calculate the highest common factor of 23 and 1543898.
23
Calculate the greatest common factor of 828 and 88412.
92
What is the greatest common factor of 44103 and 183?
183
What is the highest common divisor of 126 and 77686?
14
Calculate the greatest common divisor of 270766 and 37.
37
What is the greatest common factor of 19960 and 800?
40
What is the greatest common divisor of 29340 and 300?
60
What is the highest common factor of 16484 and 14716?
52
Calculate the highest common factor of 21489 and 5226.
39
What is the highest common factor of 45371 and 59?
59
What is the highest common factor of 580 and 170462?
58
Calculate the greatest common factor of 15 and 1512645.
15
Calculate the highest common factor of 3828 and 57189.
33
What is the highest common divisor of 7787 and 78?
13
What is the greatest common divisor of 20415330 and 26?
26
Calculate the greatest common factor of 233946 and 12.
6
Calculate the greatest common divisor of 941958 and 43.
43
Calculate the greatest common divisor of 78969 and 297.
33
What is the greatest common factor of 40 and 150340?
20
Calculate the greatest common divisor of 322004 and 632.
316
What is the greatest common factor of 6788807 and 71?
71
What is the highest common factor of 2408 and 3206252?
1204
Calculate the highest common divisor of 156327 and 642.
321
Calculate the greatest common divisor of 2074 and 2159.
17
Calculate the highest common factor of 70333 and 61.
61
What is the greatest common factor of 14681 and 87255?
277
What is the highest common factor of 14 and 2122526?
14
Calculate the highest common factor of 39460 and 60.
20
Calculate the highest common factor of 11 and 688127.
11
What is the greatest common divisor of 372700 and 175?
25
What is the greatest common divisor of 66 and 139359?
33
What is the greatest common divisor of 720 and 58430?
10
What is the highest common divisor of 44 and 3902580?
44
What is the highest common factor of 92 and 254886?
46
Calculate the highest common divisor of 385 and 47355.
385
Calculate the highest common divisor of 7376 and 1218884.
1844
What is the highest common divisor of 5227619 and 629?
629
What is the highest common divisor of 4766 and 6?
2
What is the greatest common divisor of 182070 and 441?
63
Calculate the highest common factor of 41814 and 60444.
414
Calculate the highest common divisor of 284 and 11999.
71
What is the greatest common divisor of 612 and 70920?
36
What is the greatest common divisor of 28101 and 58?
29
What is the greatest common factor of 5478 and 418?
22
Calculate the highest common divisor of 465914 and 1662.
554
Calculate the highest common factor of 231 and 1700886.
33
Calculate the greatest common factor of 65 and 11531.
13
Calculate the greatest common factor of 46612 and 1204.
172
Calculate the greatest common factor of 3151280 and 220.
220
Calculate the greatest common factor of 62 and 3376.
2
Calculate the greatest common factor of 1382976 and 216.
72
Calculate the greatest common factor of 123043 and 71.
71
What is the greatest common divisor of 2448324 and 1410?
282
What is the greatest common divisor of 193728 and 288?
96
What is the greatest common factor of 311 and 5732041?
311
What is the highest common factor of 38610 and 1350?
270
What is the greatest common factor of 10251 and 42210?
603
Calculate the greatest common divisor of 784 and 5120.
16
What is the greatest common divisor of 168 and 213654?
42
What is the greatest common divisor of 53357 and 233?
233
What is the highest common factor of 156485 and 357?
119
What is the highest common divisor of 35358 and 3408?
426
Calculate the greatest common divisor of 3168 and 2128.
16
Calculate the highest common factor of 431748 and 37053.
1611
What is the highest common divisor of 74 and 337514?
74
What is the greatest common factor of 905579 and 23?
23
What is the greatest common factor of 1936 and 7920?
176
What is the greatest common divisor of 2024892 and 432?
108
What is the greatest common factor of 429 and 6357?
39
What is the highest common divisor of 178849 and 213?
71
What is the highest common factor of 17836 and 52?
52
Calculate the greatest common divisor of 11535 and 9.
3
What is the highest common divisor of 8840700 and 22?
22
Calculate the highest common factor of 1892 and 124.
4
What is the greatest common divisor of 237350 and 1616?
202
Calculate the highest common divisor of 7236605 and 230.
115
What is the highest common factor of 3344 and 102296?
152
What is the greatest common factor of 81588 and 104?
52
Calculate the highest common factor of 2279 and 59042.
53
What is the highest common divisor of 106387 and 15039?
557
Calculate the greatest common divisor of 5 and 102990.
5
What is the highest common factor of 3026 and 19046?
178
Calculate the highest common divisor of 339387 and 1743.
249
Calculate the highest common factor of 9 and 22947.
3
Calculate the greatest common divisor of 106866 and 54.
54
What is the greatest common divisor of 190854 and 1242?
414
Calculate the highest common factor of 4211961 and 39.
39
What is the greatest common divisor of 5662 and 6422?
38
What is the greatest common d